Is 62 a factor of 558?
True
Is 20 a factor of 18104?
False
Is 158 a factor of 66829?
False
Does 5 divide 828?
False
Is 134 a factor of 17042?
False
Is 13 a factor of 3722?
False
Is 1305 a multiple of 45?
True
Is 7 a factor of 560?
True
Does 32 divide 13426?
False
Does 20 divide 329?
False
Does 13 divide 6981?
True
Is 5127 a multiple of 25?
False
Is 168 a factor of 34608?
True
Does 38 divide 50516?
False
Is 4 a factor of 77?
False
Is 7170 a multiple of 78?
False
Is 24560 a multiple of 123?
False
Is 3696 a multiple of 9?
False
Does 88 divide 2832?
False
Is 26612 a multiple of 102?
False
Is 3 a factor of 875?
False
Does 17 divide 11662?
True
Is 8730 a multiple of 9?
True
Is 1770 a multiple of 6?
True
Does 18 divide 972?
True
Does 20 divide 4900?
True
Does 44 divide 446?
False
Is 214 a multiple of 5?
False
Does 256 divide 97792?
True
Does 12 divide 492?
True
Is 7540 a multiple of 7?
False
Is 128 a factor of 1024?
True
Is 11742 a multiple of 38?
True
Is 670 a multiple of 5?
True
Does 11 divide 12395?
False
Is 7013 a multiple of 12?
False
Does 22 divide 187?
False
Does 13 divide 806?
True
Does 40 divide 17638?
False
Is 5159 a multiple of 48?
False
Is 2086 a multiple of 14?
True
Is 4 a factor of 7186?
False
Is 648 a multiple of 27?
True
Does 84 divide 308?
False
Is 64 a factor of 1578?
False
Does 13 divide 916?
False
Is 51 a factor of 7148?
False
Does 8 divide 1546?
False
Does 8 divide 304?
True
Is 24 a factor of 936?
True
Does 317 divide 30989?
False
Does 19 divide 760?
True
Is 28573 a multiple of 128?
False
Does 75 divide 29025?
True
Does 6 divide 6276?
True
Is 760 a multiple of 10?
True
Is 60 a factor of 2885?
False
Is 135 a multiple of 5?
True
Is 13 a factor of 106?
False
Does 15 divide 149?
False
Is 125 a multiple of 5?
True
Does 36 divide 1667?
False
Is 56 a multiple of 4?
True
Does 11 divide 990?
True
Does 65 divide 1885?
True
Does 37 divide 868?
False
Is 17953 a multiple of 27?
False
Does 16 divide 528?
True
Does 66 divide 11286?
True
Does 73 divide 62887?
False
Is 270 a multiple of 30?
True
Is 10 a factor of 5156?
False
Is 684 a multiple of 36?
True
Does 12 divide 22140?
True
Is 494 a multiple of 13?
True
Is 57 a factor of 30437?
False
Is 31 a factor of 41571?
True
Is 4 a factor of 576?
True
Does 35 divide 490?
True
Does 38 divide 6867?
False
Does 8 divide 6516?
False
Is 13 a factor of 4225?
True
Does 6 divide 3744?
True
Does 13 divide 8547?
False
Is 1476 a multiple of 12?
True
Is 2502 a multiple of 74?
False
Is 9 a factor of 11?
False
Is 101 a factor of 1248?
False
Does 32 divide 490?
False
Is 67 a multiple of 20?
False
Is 39 a factor of 1401?
False
Does 39 divide 3939?
True
Is 34720 a multiple of 160?
True
Is 27 a factor of 271?
False
Is 211 a factor of 67315?
False
Does 5 divide 940?
True
Is 8 a factor of 597?
False
Is 173 a multiple of 5?
False
Does 70 divide 560?
True
Is 378 a multiple of 14?
True
Does 16 divide 90?
False
Does 10 divide 2491?
False
Is 39090 a multiple of 30?
True
Is 882 a multiple of 13?
False
Is 46566 a multiple of 26?
True
Is 66 a factor of 5148?
True
Is 1106 a multiple of 7?
True
Is 7649 a multiple of 45?
False
Is 93 a factor of 12927?
True
Is 7338 a multiple of 9?
False
Is 19521 a multiple of 32?
False
Does 36 divide 17598?
False
Is 840 a multiple of 42?
True
Does 8 divide 944?
True
Is 6235 a multiple of 64?
False
Does 28 divide 118?
False
Is 756 a multiple of 9?
True
Does 96 divide 6645?
False
Does 10 divide 825?
False
Does 13 divide 286?
True
Is 4 a factor of 28730?
False
Is 18 a factor of 77274?
True
Is 30 a factor of 5706?
False
Is 83 a factor of 1411?
True
Is 36 a factor of 360?
True
Does 14 divide 5782?
True
Is 2040 a multiple of 2?
True
Does 27 divide 1404?
True
Does 13 divide 1188?
False
Does 8 divide 672?
True
Is 12 a factor of 5959?
False
Does 50 divide 7527?
False
Is 27 a factor of 614?
False
Does 40 divide 720?
True
Does 6 divide 33144?
True
Is 30 a multiple of 6?
True
Is 19 a factor of 20173?
False
Is 13 a factor of 4710?
False
Is 1272 a multiple of 24?
True
Does 45 divide 33840?
True
Is 204 a multiple of 2?
True
Is 16 a factor of 6712?
False
Is 828 a multiple of 18?
True
Does 6 divide 60?
True
Does 189 divide 7182?
True
Does 6 divide 114?
True
Is 3731 a multiple of 41?
True
Is 94794 a multiple of 122?
True
Is 16 a factor of 1066?
False
Is 1292 a multiple of 38?
True
Is 15 a factor of 192?
False
Is 2353 a multiple of 28?
False
Is 42882 a multiple of 32?
False
Is 4983 a multiple of 145?
False
Does 19 divide 7429?
True
Is 35 a factor of 2800?
True
Is 349 a factor of 119009?
True
Is 9 a factor of 17371?
False
Is 48 a factor of 8160?
True
Does 114 divide 2394?
True
Is 67868 a multiple of 16?
False
Does 18 divide 1592?
False
Is 62 a factor of 4424?
False
Is 35 a factor of 13160?
True
Is 46 a factor of 2679?
False
Is 51512 a multiple of 15?
False
Does 159 divide 80008?
False
Does 11 divide 1198?
False
Does 64 divide 6848?
True
Is 160 a multiple of 2?
True
Is 364 a multiple of 26?
True
Is 279 a factor of 51271?
False
Does 95 divide 17195?
True
Does 10 divide 6240?
True
Is 1405 a multiple of 33?
False
Is 447 a multiple of 14?
False
Is 17 a factor of 493?
True
Is 13200 a multiple of 10?
True
Does 46 divide 2292?
False
Does 4 divide 255?
False
Is 15 a factor of 943?
False
Is 10 a factor of 11845?
False
Is 6446 even?
True
Is 9152 a multiple of 208?
True
Is 475 a multiple of 89?
False
Does 36 divide 350?
False
Does 11 divide 143?
True
Is 5 a factor of 2405?
True
Is 230 a multiple of 20?
False
Does 88 divide 67449?
False
Is 155 a factor of 155?
True
Does 257 divide 22505?
False
Is 3 a factor of 288?
True
Is 10 a factor of 390?
True
Does 89 divide 5073?
True
Does 32 divide 224?
True
Does 171 divide 6673?
False
Does 23 divide 10444?
False
Does 282 divide 46812?
True
Is 36510 a multiple of 15?
True
Is 8 a factor of 36400?
True
Does 39 divide 1092?
True
Does 24 divide 1161?
False
Is 1216 even?
True
Does 113 divide 3503?
True
Is 5997 a multiple of 10?
False
Does 20 divide 951?
False
Does 36 divide 14589?
False
Is 4 a factor of 3776?
True
Is 215736 a multiple of 24?
True
Does 11 divide 10450?
True
Is 1194 a multiple of 23?
False
Does 18 divide 864?
True
Is 6538 a multiple of 14?
True
Is 72 a factor of 1656?
True
Is 33 a factor of 1119?
False
Does 109 divide 88878?
False
Is 14158 a multiple of 23?
False
Does 25 divide 322?
False
Is 46104 a multiple of 66?
False
Is 6816 a multiple of 2?
True
Is 1230 a multiple of 6?
True
Does 51 divide 574?
False
Does 5 divide 395?
True
Is 825 a multiple of 22?
False
Is 20 a factor of 8897?
False
Is 31 a factor of 323?
False
Is 990 a multiple of 74?
False
Is 7074 a multiple of 6?
True
Is 15 a factor of 11974?
False
Is 18324 a multiple of 148?
False
Is 5600 a multiple of 70?
True
Does 52 divide 1004?
False
Does 164 divide 13768?
False
Is 20739 a multiple of 31?
True
Does 14 divide 9703?
False
Is 125 a factor of 6012?
False
Is 10 a factor of 7691?
False
Is 622 a multiple of 10?
False
Is 43542 a multiple of 250?
False
Is 116 a factor of 3019?
False
Is 17 a factor of 197?
False
Is 6 a factor of 198?
True
Is 11668 a multiple of 13?
False
Is 5 a factor of 237?
False
Is 1895 a multiple of 120?
False
Is 12980 a multiple of 44?
True
Does 59 divide 2301?
True
Does 4 divide 227?
False
Is 5049 a multiple of 9?
True
Does 10 divide 3790?
True
Does 153 divide 4284?
True
Is 27 a factor of 1080?
True
Does 86 divide 8152?
False
Is 12972 a multiple of 38?
False
Is 24 a factor of 1632?
True
Is 242 a factor of 3229?
False
Does 67 divide 4269?
False
Is 49472 a multiple of 8?
True
Does 12 divide 8580?
True
Does 21 divide 2330?
False
Is 12498 a multiple of 20?
False
Does 11 divide 2827?
True
Is 1440 a multiple of 60?
True
Is 18 a factor of 66624?
False
Is 1428 a multiple of 42?
True
Is 8119 a multiple of 141?
False
Is 19 a factor of 480?
False
Is 70 a factor of 67270?
True
Is 35 a factor of 24605?
True
Does 68 divide 16116?
True
Is 58 a factor of 1696?
False
Is 10 a factor of 350?
True
Is 73 a factor of 14021?
False
Is 15 a factor of 660?
True
Is 25 a factor of 68755?
False
Is 23 a factor of 435?
False
Does 23 divide 1012?
True
Is 1264 a multiple of 8?
True
Is 4 a factor of 3200?
True
Is 891 a multiple of 66?
False
Is 4752 a multiple of 22?
True
Does 161 divide 9016?
True
Does 15 divide 975?
True
Is 346 a mul